s the greatest common divisor of 111 and 185?
37
What is the greatest common factor of 679 and 7?
7
Calculate the highest common factor of 57 and 589.
19
What is the highest common divisor of 351 and 65?
13
Calculate the greatest common divisor of 48 and 7248.
48
Calculate the greatest common factor of 36 and 588.
12
What is the highest common factor of 60 and 15?
15
What is the greatest common divisor of 31 and 1829?
31
Calculate the highest common divisor of 286 and 154.
22
Calculate the highest common factor of 7164 and 36.
36
What is the highest common factor of 4716 and 72?
36
What is the greatest common factor of 16 and 22864?
16
Calculate the greatest common divisor of 50 and 45.
5
Calculate the highest common divisor of 38 and 1349.
19
What is the highest common factor of 3116 and 820?
164
What is the greatest common divisor of 189 and 3843?
63
What is the greatest common factor of 124 and 124?
124
What is the greatest common divisor of 185 and 74?
37
Calculate the highest common divisor of 434 and 28.
14
What is the highest common divisor of 130 and 1080?
10
Calculate the highest common divisor of 38672 and 16.
16
Calculate the greatest common factor of 234 and 442.
26
What is the greatest common divisor of 6 and 24?
6
What is the highest common factor of 46 and 5014?
46
Calculate the highest common divisor of 126 and 504.
126
Calculate the highest common divisor of 210 and 90.
30
Calculate the greatest common divisor of 11 and 2629.
11
Calculate the greatest common divisor of 872 and 9701.
109
Calculate the greatest common divisor of 138 and 6.
6
Calculate the greatest common divisor of 310 and 4526.
62
What is the highest common divisor of 10426 and 39?
13
Calculate the highest common factor of 35 and 38605.
35
Calculate the greatest common factor of 3 and 78.
3
Calculate the highest common divisor of 6093 and 45.
9
What is the greatest common factor of 13 and 91?
13
Calculate the highest common divisor of 31 and 11780.
31
What is the greatest common divisor of 12835 and 68?
17
Calculate the highest common factor of 580 and 400.
20
Calculate the highest common divisor of 639 and 27.
9
What is the greatest common factor of 667 and 299?
23
What is the highest common factor of 3456 and 36?
36
Calculate the highest common factor of 44 and 110.
22
Calculate the greatest common divisor of 38 and 19.
19
Calculate the greatest common divisor of 657 and 73.
73
Calculate the highest common divisor of 6 and 444.
6
Calculate the highest common factor of 5966 and 7850.
314
Calculate the highest common factor of 14971 and 11.
11
What is the highest common factor of 60 and 188?
4
What is the highest common divisor of 216 and 360?
72
What is the greatest common divisor of 3 and 5?
1
Calculate the highest common divisor of 455 and 4445.
35
Calculate the highest common factor of 345 and 46.
23
Calculate the highest common factor of 4 and 316.
4
Calculate the greatest common factor of 2542 and 82.
82
What is the greatest common factor of 276 and 23?
23
Calculate the greatest common divisor of 155 and 527.
31
Calculate the highest common divisor of 31 and 93.
31
What is the greatest common factor of 34 and 187?
17
Calculate the greatest common divisor of 528 and 66.
66
What is the greatest common divisor of 225 and 9?
9
What is the highest common divisor of 1512 and 9?
9
What is the greatest common factor of 1096 and 411?
137
What is the highest common factor of 32 and 8864?
32
Calculate the highest common divisor of 116203 and 29.
29
Calculate the greatest common divisor of 2398 and 44.
22
Calculate the highest common factor of 8 and 64.
8
Calculate the greatest common factor of 10 and 135.
5
What is the greatest common divisor of 222 and 2516?
74
What is the greatest common divisor of 30 and 555?
15
Calculate the greatest common factor of 23 and 1909.
23
What is the greatest common factor of 16 and 648?
8
Calculate the greatest common factor of 30 and 408.
6
Calculate the highest common divisor of 6 and 10.
2
Calculate the greatest common factor of 38 and 4826.
38
What is the greatest common divisor of 21 and 609?
21
Calculate the highest common divisor of 1441 and 655.
131
What is the highest common factor of 63 and 399?
21
Calculate the greatest common factor of 27565 and 185.
185
Calculate the greatest common divisor of 7 and 7.
7
Calculate the greatest common factor of 14 and 189.
7
Calculate the greatest common divisor of 408 and 16.
8
What is the greatest common divisor of 4 and 1024?
4
Calculate the highest common factor of 368 and 138.
46
What is the highest common divisor of 432 and 3216?
48
What is the highest common factor of 130 and 78?
26
Calculate the highest common factor of 1460 and 7884.
292
Calculate the greatest common factor of 1343 and 68.
17
What is the highest common factor of 81 and 576?
9
Calculate the greatest common factor of 736 and 96.
32
Calculate the highest common divisor of 949 and 52.
13
What is the greatest common divisor of 5680 and 80?
80
What is the highest common divisor of 40 and 88?
8
What is the highest common factor of 7 and 5264?
7
Calculate the highest common divisor of 5941 and 13.
13
What is the greatest common factor of 23 and 3289?
23
Calculate the highest common factor of 2483 and 13.
13
Calculate the highest common factor of 51680 and 60.
20
Calculate the highest common factor of 576 and 396.
36
What is the greatest common divisor of 42432 and 68?
68
What is the highest common factor of 935 and 17?
17
Calculate the highest common factor of 120 and 264.
24
Calculate the highest common divisor of 710 and 994.
142
What is the greatest common divisor of 2542 and 434?
62
Calculate the greatest common factor of 77 and 21.
7
What is the highest common divisor of 880 and 132?
44
Calculate the greatest common factor of 2448 and 24.
24
What is the highest common factor of 5858 and 58?
58
What is the highest common divisor of 225 and 135?
45
What is the highest common divisor of 1357 and 59?
59
Calculate the greatest common factor of 178 and 9434.
178
What is the greatest common factor of 27 and 63?
9
Calculate the highest common factor of 9 and 72.
9
Calculate the greatest common divisor of 25 and 625.
25
Calculate the highest common factor of 12 and 248.
4
Calculate the highest common factor of 424 and 53.
53
Calculate the greatest common factor of 1287 and 99.
99
What is the greatest common factor of 30 and 70?
10
What is the highest common divisor of 2613 and 6633?
201
What is the greatest common divisor of 327 and 6?
3
What is the highest common divisor of 276 and 36?
12
Calculate the highest common divisor of 272 and 204.
68
Calculate the greatest common factor of 25616 and 48.
16
What is the greatest common divisor of 122 and 7991?
61
Calculate the greatest common factor of 304 and 8436.
76
What is the greatest common divisor of 177 and 295?
59
What is the highest common divisor of 474 and 54?
6
Calculate the greatest common factor of 4321 and 232.
29
Calculate the greatest common factor of 4 and 764.
4
What is the highest common divisor of 82 and 533?
41
What is the highest common factor of 482 and 8?
2
What is the greatest common divisor of 357 and 63?
21
What is the highest common divisor of 3146 and 1210?
242
What is the greatest common factor of 81247 and 113?
113
Calculate the greatest common factor of 66 and 6.
6
What is the greatest common factor of 17 and 153?
17
What is the highest common divisor of 28 and 49?
7
Calculate the greatest common factor of 18 and 168.
6
Calculate the greatest common factor of 2761 and 11.
11
Calculate the highest common factor of 53 and 7261.
53
What is the greatest common divisor of 308 and 242?
22
What is the highest common factor of 18942 and 18?
6
Calculate the greatest common divisor of 26160 and 32.
16
What is the highest common divisor of 592 and 370?
74
What is the greatest common factor of 80 and 2160?
80
Calculate the highest common divisor of 212 and 106.
106
Calculate the greatest common divisor of 4422 and 44.
22
Calculate the highest common divisor of 112 and 1968.
16
What is the highest common divisor of 12 and 32?
4
Calculate the highest common factor of 113 and 15707.
113
What is the greatest common divisor of 2497 and 11?
11
What is the greate